 = 5, -g*c + u + 1327 = 0. Suppose 0 = 2*x - 6*x + c. What are the prime factors of x?
3, 37
Suppose 39*j + 79506 = 3*a + 36*j, j - 79522 = -3*a. What are the prime factors of a?
2, 29, 457
Let l(x) = -3973*x + 9223. List the prime factors of l(-7).
2, 18517
Let n = -231 - -114. Let g be ((-35)/(-245) - (-1016)/42)*-3. Let m = g - n. List the prime factors of m.
2, 11
Suppose 0 = -w - w + 714. Let k = w - 159. List the prime factors of k.
2, 3, 11
Suppose 4*r = -m + 3 + 6, 5*m + r - 26 = 0. Suppose f = x + 483 + 375, -874 = -f + m*x. What are the prime factors of f?
2, 7, 61
Suppose -29 + 141 = -4*k. Let u = k + 22. What are the prime factors of (0/2 + 278)*u/(-12)?
139
List the prime factors of -1 - (-640676)/14 - 80/140.
67, 683
Suppose -306*a = -3*f - 303*a + 190554, 0 = -5*f + 3*a + 317608. What are the prime factors of f?
63527
Let j(r) = r**3 + 6 - 11 + 16*r**2 - 1 - 2*r. Let z be j(-16). Suppose 0 = -d + z + 41. What are the prime factors of d?
67
Let t = 7672 + -4581. List the prime factors of t.
11, 281
Suppose -4*y + 62 = -2*c, 3*y + 3*c - 40 = -2*c. Suppose y*w = 11*w + 236. Suppose -181 = -5*k - x, -5*k + x = -120 - w. What are the prime factors of k?
2, 3
Let c(f) = -23 + 10 + 8*f + 8*f**2 - 9*f**2. Let b be c(3). Suppose 4*k - b*o - 22 - 144 = 0, 122 = 3*k - o. List the prime factors of k.
3, 13
Let a = -38088 + 56443. List the prime factors of a.
5, 3671
Suppose 88*v - 1083171 = 3277. List the prime factors of v.
2, 6173
Let n = -228 + 614. Let r = -214 + n. List the prime factors of r.
2, 43
Suppose m = -4*d - 17, 4*m + 7*d - 4 = 9*d. List the prime factors of 3428/16 + 12/(-16)*m.
5, 43
Suppose 1054 = -s + 4*q, q + 4*q - 4216 = 4*s. Let b = 1940 + s. List the prime factors of b.
2, 443
Let m = 26715 - 2092. List the prime factors of m.
24623
Let t(s) be the third derivative of s**4/12 + s**3/6 - 16*s**2. Let z be t(-2). What are the prime factors of -3 - -1 - z - -2?
3
Suppose i + 4 = 0, -3*d - i = -5*d + 34. Let o(l) be the second derivative of -l**5/20 + 5*l**4/4 + 2*l**3/3 - 3*l**2/2 - l. List the prime factors of o(d).
3, 19
Let i(k) = -k**3 + k**2 + 4*k + 2. Let x be i(-1). Suppose x = -12*c + 11*c + 333. What are the prime factors of c?
3, 37
Let r(i) = -235*i**2 - 86 + 114*i**2 + 23*i + 123*i**2. What are the prime factors of r(11)?
409
Let v be (6/(-15) - 14/(-10)) + 2. Suppose 4*z = v*z - 83. Let g = z + 175. What are the prime factors of g?
2, 23
Suppose -8*c + 14*c + 2790 = 0. Let t be 48/(-20)*1/(6/c). Suppose -5*p + 149 + t = 0. What are the prime factors of p?
67
Suppose -2*i + 5*i = -4*u + 8996, 0 = -2*i. Suppose 14*l = l + u. List the prime factors of l.
173
Let x be (-1)/((-3)/2)*(-171 + 186). Suppose -5*h = 10, x*d = 5*d + 3*h + 1856. What are the prime factors of d?
2, 5, 37
Suppose -3*k = -6, -o + 23*k - 19*k - 8 = 0. Suppose -10*w = -o*w - 2970. List the prime factors of w.
3, 11
Let b = 17905 + -8359. List the prime factors of b.
2, 3, 37, 43
Suppose -16 = -4*g + u - 0*u, 3*u + 21 = 3*g. Suppose g*n = 27 - 45. List the prime factors of (-7 - n) + 7/(21/522).
173
Suppose 4*c + 3*y - 35 = 34, -2*c - 5*y + 45 = 0. Suppose c*n - 663 = 2*n. List the prime factors of n.
3, 17
Let t(b) = -2*b**2 - 8*b - 3. Suppose 9*y + 26 = -4*y. Let q be t(y). Suppose -4*w + q*k + 52 = 0, -w + 0 + 14 = -k. List the prime factors of w.
2, 3
Let h = -6580 + 9475. Suppose -2*n + 3*n = -4*p + h, -4*p + 2893 = 3*n. Suppose 2*s = 3*j - p, 5*s + 1009 = 4*j + 46. List the prime factors of j.
2, 11
Let f be (10*98)/2 - (-1 + -1). Suppose 0 = 2*a - 4*d - 492, 2*a + 0*a = -5*d + f. Suppose -a - 213 = -3*y. What are the prime factors of y?
3, 17
Let s(o) = o**2 - 14*o - 4. Let b be 1 + -5 + (-33)/1. Let r = b - -52. List the prime factors of s(r).
11
Let f be (6 + (-6)/1)/(-1). Suppose 6*w - 23*w + 5780 = f. What are the prime factors of w?
2, 5, 17
Let c(h) = -h**3 + 5*h**2 - 9*h. Let n be c(4). Let g = n + 6. List the prime factors of g/21 - ((-65)/3 + 0).
3, 7
Suppose -2*y - 14 = -2*a, -4*y = 5*a - 2 + 12. Suppose 4*v + a*z = 3*z + 922, -452 = -2*v - 4*z. What are the prime factors of v?
2, 5, 23
Let u(h) = -h**2 + 6*h + 1. Let w be u(5). Let k = -342 + 342. Suppose w*o - 262 - 278 = k. What are the prime factors of o?
2, 3, 5
Let u(j) = -17*j - 27. Let o be u(-9). List the prime factors of (-4 + -2 + o/4)*2.
3, 17
Let g = -3332 + 6175. Suppose -9*o = 5*b - 7*o - g, o = -3*b + 1706. List the prime factors of b.
569
Let s = 226 + -221. Suppose 410 = r + 4*t, -s*t = 2*r - 356 - 458. What are the prime factors of r?
2, 3, 67
Let f(x) = 50*x + 2. Let u be f(-1). What are the prime factors of (443/2)/(6/u*-4)?
443
Suppose 0 = 11*c + 93 - 258. What are the prime factors of 8/(24/c) + 106?
3, 37
Let f(d) = d**2 + 18. Let m(r) = 7 - 12 + 15 + 8. Let v(l) = 3*f(l) - 2*m(l). What are the prime factors of v(-6)?
2, 3, 7
Let i(l) = -l**3 + 13*l**2 + 17*l - 30. Let g be i(14). Let d be (-12)/((-2)/(-4) - 2). Suppose -g*t + d*t = -64. List the prime factors of t.
2
Let d(x) = 181*x**3 + 3*x**2 - x - 1. Let a be d(1). Let b = a + 19. List the prime factors of b.
3, 67
Suppose o + 3*f - 184 = 0, f = 3*o - 2*f - 492. Let r = o + -63. List the prime factors of r.
2, 53
Suppose 4*s + 3*m = 31, -3*m - 12 + 1 = -2*s. Let g be 10*(-2)/(3 - s). Suppose g*c - 265 = 135. List the prime factors of c.
2, 5
Let t(i) = i**3 - 16*i**2 + 16*i - 11. Let v be t(15). Suppose -158 = -n - v*u + 8, -162 = -n - 5*u. List the prime factors of n.
2, 7, 13
Let r = 36411 - -666. What are the prime factors of r?
3, 17, 727
Let l(w) = -w**2 + 5*w + 3. Let d(f) = f**2 + f - 15. Let z be d(-5). List the prime factors of l(z).
3
Let g = -72 - -66. Let j be (-8)/g + (-12)/(-18). List the prime factors of 6/14 - 2164/(-28)*j.
5, 31
Let k(h) be the second derivative of -6*h**3 + 42*h**2 + 8*h + 2. What are the prime factors of k(-13)?
2, 3, 23
Let c be (0 - 0) + (-17)/(17/(-2732)). Suppose 30*o - 3178 = c. What are the prime factors of o?
197
Suppose z - 5*s = 11282, -11*s = -7*s + 24. List the prime factors of z.
2, 29, 97
Let w(u) = -5*u + 5. Let d be w(-2). Let l be (1 + (-33)/d)/((-6)/220). What are the prime factors of -3*4/4*l/(-6)?
2, 11
Suppose 862 = h - 6383. Suppose -31*l = -36*l + h. List the prime factors of l/21 + 1*-5.
2
Let r = 186 + -176. Suppose r*f - 15*f = 5*s - 910, 5*s = f - 152. What are the prime factors of f?
3, 59
Let z be (0 - (-2)/3)/(80/480). Let r be (1 + 0)*(5 - 2). Suppose -z*b = -r*g + 217, -2*g - 2*b + 327 = 3*g. List the prime factors of g.
67
Suppose -29*l + 16*l + 10296 = 0. Let j = -30 + l. What are the prime factors of j?
2, 3, 127
Let x(f) = -8*f**3 - 3*f**2 - 3*f - 17. What are the prime factors of x(-6)?
1621
Let z be (15/(-10))/(3/(-10)). Suppose -21*m - 60 = -9*m. What are the prime factors of (590/z - m) + -1?
2, 61
Let b(d) = -3*d**3 - 2*d**2 + d + 2. Suppose 0*j - 2*g = -2*j - 2, 3*j = -4*g - 3. Let u be b(j). What are the prime factors of u/(-13) - (-8764)/182?
2, 3
Let v(a) = 26*a. Let u be v(4). Let l = 14 - -79. Let i = u - l. What are the prime factors of i?
11
Suppose -o + 21 = 18. What are the prime factors of (2 + (-212)/o)/((-5)/45)?
2, 3, 103
Let o(l) = l**3 + 10*l**2 - 24*l + 6. Let y be o(-10). Suppose -q + 2*p + y = -0*p, 3 = -p. List the prime factors of q.
2, 3, 5
List the prime factors of (-113)/226 - 7579/(-4) - 2/8.
2, 947
Let g(o) = -3*o**2 - 9*o - 47. Let u(t) = t + 1. Let i(j) = -g(j) - 2*u(j). List the prime factors of i(-13).
461
Suppose 5*k + w - 2921 = 0, -4*k + 4*w + 2332 = 6*w. Suppose 4*z - 2323 = 3*g, -z - 3*g + k - 23 = 0. List the prime factors of z.
577
Let j = 274 - 567. Let f = 431 + j. What are the prime factors of f?
2, 3, 23
Let d be 4 - 634/4*(-56)/7. Suppose -4*s = 16, -4*t + 0*s = -5*s - d. List the prime factors of t.
313
Let i = 665 + 797. Let g = i + -722. List the prime factors of g.
2, 5, 37
Suppose 26*r = 1128597 - 362091. List the prime factors of r.
3, 31, 317
Let u(w) = -2973*w**3 - 42*w**2 - 89*w - 9. List the prime factors of u(-2).
5, 67, 71
Suppose -21*g + 311349 - 32834 = -2150. What are the prime factors of g?
3, 5, 11
Suppose -3 = 5*i - 48. Suppose i*t + 1951 = -2225. What are the prime factors of (5 - 8)/(12/t)?
2, 29
Suppose 93 = 5*p + 53. Suppose 5*u - 5*n = 1345, u - 273 = p*